{"id":2361,"date":"2021-10-28T14:27:31","date_gmt":"2021-10-28T19:27:31","guid":{"rendered":"https:\/\/www.tce.gob.ec\/?page_id=2361"},"modified":"2026-03-11T15:20:13","modified_gmt":"2026-03-11T20:20:13","slug":"servicios-ciudadanos","status":"publish","type":"page","link":"https:\/\/www.tce.gob.ec\/index.php\/servicios-ciudadanos\/","title":{"rendered":"Servicio al Ciudadano"},"content":{"rendered":"\n\n\t<div class=\"aioseo-breadcrumbs\"><span class=\"aioseo-breadcrumb\">\n\tInicio\n<\/span><\/div>\n<h2>\n\t\tServicio al Ciudadano\n\t<\/h2>\n\t<a href=\"index.php\/buzon\">\n<h4>Buz\u00f3n<\/h4>\n<p>Click aqu\u00ed para ir al buz\u00f3n y Denuncias de Violencia basada en G\u00e9nero<\/p>\n<\/a>\n\t<a href=\"index.php\/contacto\">\n<h4>Contactos<\/h4>\n<p>Click aqu\u00ed para ir a la p\u00e1gina de contactos<\/p>\n<\/a>\n\t<a href=\"https:\/\/ws.tce.gob.ec\/certificados\/login\" target=\"_blank\" rel=\"noopener\">\n<h4>Certificado<\/h4>\n<p>Click aqu\u00ed para obtener el certificado de no tener sentencia<\/p>\n<\/a>\n\n","protected":false},"excerpt":{"rendered":"<div class=\"entry-summary\">\nServicio al Ciudadano Buz\u00f3n Click aqu\u00ed para ir al buz\u00f3n y Denuncias de Violencia basada en G\u00e9nero Contactos&hellip;\n<\/div>\n<div class=\"link-more\"><a href=\"https:\/\/www.tce.gob.ec\/index.php\/servicios-ciudadanos\/\" class=\"more-link\">Continuar leyendo<span class=\"screen-reader-text\"> &ldquo;Servicio al Ciudadano&rdquo;<\/span>&hellip;<\/a><\/div>\n","protected":false},"author":1,"featured_media":0,"parent":0,"menu_order":0,"comment_status":"closed","ping_status":"closed","template":"templates\/no-title.php","meta":{"_monsterinsights_skip_tracking":false,"_monsterinsights_sitenote_active":false,"_monsterinsights_sitenote_note":"","_monsterinsights_sitenote_category":0,"footnotes":""},"categories":[],"tags":[],"class_list":["post-2361","page","type-page","status-publish","hentry","entry"],"amp_enabled":false,"_links":{"self":[{"href":"https:\/\/www.tce.gob.ec\/index.php\/wp-json\/wp\/v2\/pages\/2361","targetHints":{"allow":["GET"]}}],"collection":[{"href":"https:\/\/www.tce.gob.ec\/index.php\/wp-json\/wp\/v2\/pages"}],"about":[{"href":"https:\/\/www.tce.gob.ec\/index.php\/wp-json\/wp\/v2\/types\/page"}],"author":[{"embeddable":true,"href":"https:\/\/www.tce.gob.ec\/index.php\/wp-json\/wp\/v2\/users\/1"}],"replies":[{"embeddable":true,"href":"https:\/\/www.tce.gob.ec\/index.php\/wp-json\/wp\/v2\/comments?post=2361"}],"version-history":[{"count":29,"href":"https:\/\/www.tce.gob.ec\/index.php\/wp-json\/wp\/v2\/pages\/2361\/revisions"}],"predecessor-version":[{"id":14126,"href":"https:\/\/www.tce.gob.ec\/index.php\/wp-json\/wp\/v2\/pages\/2361\/revisions\/14126"}],"wp:attachment":[{"href":"https:\/\/www.tce.gob.ec\/index.php\/wp-json\/wp\/v2\/media?parent=2361"}],"wp:term":[{"taxonomy":"category","embeddable":true,"href":"https:\/\/www.tce.gob.ec\/index.php\/wp-json\/wp\/v2\/categories?post=2361"},{"taxonomy":"post_tag","embeddable":true,"href":"https:\/\/www.tce.gob.ec\/index.php\/wp-json\/wp\/v2\/tags?post=2361"}],"curies":[{"name":"wp","href":"https:\/\/api.w.org\/{rel}","templated":true}]}}