{"id":2367,"date":"2021-10-28T14:29:04","date_gmt":"2021-10-28T19:29:04","guid":{"rendered":"https:\/\/www.tce.gob.ec\/?page_id=2367"},"modified":"2025-12-22T16:32:22","modified_gmt":"2025-12-22T21:32:22","slug":"biblioteca","status":"publish","type":"page","link":"https:\/\/www.tce.gob.ec\/index.php\/biblioteca\/","title":{"rendered":"Biblioteca"},"content":{"rendered":"\n\n\t<div class=\"aioseo-breadcrumbs\"><span class=\"aioseo-breadcrumb\">\n\tInicio\n<\/span><\/div>\n<h2>\n\t\tBiblioteca\n\t<\/h2>\n\t\t\t\t<img loading=\"lazy\" decoding=\"async\" src=\"https:\/\/www.tce.gob.ec\/wp-content\/uploads\/2021\/11\/image-from-rawpixel-id-3286013-original-scaled.jpg\" alt=\"foto biblioteca\" itemprop=\"image\" height=\"1706\" width=\"2560\" title=\"image-from-rawpixel-id-3286013-original\" onerror=\"this.style.display='none'\"  \/>\n\t<h3>Qui\u00e9nes somos (nuestra Biblioteca)<\/h3>\n<p>La Biblioteca Virtual del Tribunal Contencioso Electoral, TCE presta un servicio de apoyo al aprendizaje, a la investigaci\u00f3n y a las dem\u00e1s actividades relacionadas con los objetivos institucionales. Dispone de material bibliogr\u00e1fico especializado en temas relacionados con derecho electoral, derecho procesal electoral, derecho constitucional, derechos de participaci\u00f3n pol\u00edtica, g\u00e9nero y derechos de participaci\u00f3n de las mujeres, democracia, sistemas electorales y derechos humanos; complementando con literatura de naturaleza metodol\u00f3gica y de argumentaci\u00f3n jur\u00eddica.<\/p>\n<strong>Personal de la Biblioteca:<\/strong><br \/>\nM\u00f3nica Sabay, R. Bibliotec\u00f3loga, Document\u00f3loga y Archiv\u00f3loga\n<a href=\"mailto:biblioteca@tce.gob.ec\" target=\"_blank\" rel=\"noopener\"> biblioteca@tce.gob.ec<\/a>\n\t<a href=\"https:\/\/apps.tce.gob.ec\/biblio\/opac_css\/\" target=\"_blank\" rel=\"noopener\">\n<h6>Cat\u00e1logo Electr\u00f3nico<\/h6>\n<\/a>\n\t<a href=\"index.php\/biblioteca-preguntas\">\n<h6>Preguntas Frecuentes<\/h6>\n<\/a>\n\t<a href=\"https:\/\/www.tce.gob.ec\/wp-content\/uploads\/2025\/12\/Boletin-bibliografico_diciembre-2025.pdf\" target=\"_blank\" rel=\"noopener\">\n<h6>Nuevas Adquisiciones<\/h6>\n<\/a>\n\t<a href=\"index.php\/biblioteca-enlaces\">\n<h6>Enlaces<\/h6>\n<\/a>\n\n","protected":false},"excerpt":{"rendered":"<div class=\"entry-summary\">\nBiblioteca Qui\u00e9nes somos (nuestra Biblioteca) La Biblioteca Virtual del Tribunal Contencioso Electoral, TCE presta un servicio de apoyo&hellip;\n<\/div>\n<div class=\"link-more\"><a href=\"https:\/\/www.tce.gob.ec\/index.php\/biblioteca\/\" class=\"more-link\">Continuar leyendo<span class=\"screen-reader-text\"> &ldquo;Biblioteca&rdquo;<\/span>&hellip;<\/a><\/div>\n","protected":false},"author":1,"featured_media":0,"parent":0,"menu_order":0,"comment_status":"closed","ping_status":"closed","template":"templates\/no-title.php","meta":{"_monsterinsights_skip_tracking":false,"_monsterinsights_sitenote_active":false,"_monsterinsights_sitenote_note":"","_monsterinsights_sitenote_category":0,"footnotes":""},"categories":[],"tags":[],"class_list":["post-2367","page","type-page","status-publish","hentry","entry"],"amp_enabled":false,"_links":{"self":[{"href":"https:\/\/www.tce.gob.ec\/index.php\/wp-json\/wp\/v2\/pages\/2367","targetHints":{"allow":["GET"]}}],"collection":[{"href":"https:\/\/www.tce.gob.ec\/index.php\/wp-json\/wp\/v2\/pages"}],"about":[{"href":"https:\/\/www.tce.gob.ec\/index.php\/wp-json\/wp\/v2\/types\/page"}],"author":[{"embeddable":true,"href":"https:\/\/www.tce.gob.ec\/index.php\/wp-json\/wp\/v2\/users\/1"}],"replies":[{"embeddable":true,"href":"https:\/\/www.tce.gob.ec\/index.php\/wp-json\/wp\/v2\/comments?post=2367"}],"version-history":[{"count":37,"href":"https:\/\/www.tce.gob.ec\/index.php\/wp-json\/wp\/v2\/pages\/2367\/revisions"}],"predecessor-version":[{"id":13878,"href":"https:\/\/www.tce.gob.ec\/index.php\/wp-json\/wp\/v2\/pages\/2367\/revisions\/13878"}],"wp:attachment":[{"href":"https:\/\/www.tce.gob.ec\/index.php\/wp-json\/wp\/v2\/media?parent=2367"}],"wp:term":[{"taxonomy":"category","embeddable":true,"href":"https:\/\/www.tce.gob.ec\/index.php\/wp-json\/wp\/v2\/categories?post=2367"},{"taxonomy":"post_tag","embeddable":true,"href":"https:\/\/www.tce.gob.ec\/index.php\/wp-json\/wp\/v2\/tags?post=2367"}],"curies":[{"name":"wp","href":"https:\/\/api.w.org\/{rel}","templated":true}]}}