{"id":3169,"date":"2021-11-04T20:44:44","date_gmt":"2021-11-05T01:44:44","guid":{"rendered":"https:\/\/www.tce.gob.ec\/?page_id=3169"},"modified":"2025-12-31T12:47:04","modified_gmt":"2025-12-31T17:47:04","slug":"gaceta-americana","status":"publish","type":"page","link":"https:\/\/www.tce.gob.ec\/index.php\/gaceta-americana\/","title":{"rendered":"Gaceta Americana de Justicia Electoral"},"content":{"rendered":"\n\n\t<div class=\"aioseo-breadcrumbs\"><span class=\"aioseo-breadcrumb\">\n\tInicio\n<\/span><\/div>\n<h2>\n\t\tGaceta  Americana de Justicia Electoral\n\t<\/h2>\n<h3>\n\t\tGaceta Americana de Justicia Electoral N.1\n\t<\/h3>\n\t<p>En el marco del &#8220;Proyecto Apoyo al Ciclo Electoral en el Ecuador&#8221; suscrito entre el Tribunal Contencioso Electoral (TCE) y el Programa de las Naciones Unidas para el Desarrollo (PNUD), se publica la Gaceta Americana de Justicia Electoral N\u00ba 1, que compila las sentencias de los \u00f3rganos de justicia electoral de cinco pa\u00edses de Am\u00e9rica.<\/p>\n<p>Si desea visualizar la Gaceta Americana de Justicia Electoral N\u00ba 1 en nuestro lector digital, de click en la imagen de la portada . Si prefiere descargarla en formato PDF, por favor de click en el enlace &#8220;Descargar PDF&#8221;<\/p>\n\t<div class=\"_3d-flip-book  fb3d-thumbnail-lightbox-mode\" data-id=\"3168\" data-mode=\"thumbnail-lightbox\" data-title=\"false\" data-template=\"short-white-book-view\" data-lightbox=\"dark\" data-urlparam=\"fb3d-page\" data-page-n=\"0\" data-pdf=\"\" data-tax=\"null\" data-thumbnail=\"\/wp-content\/uploads\/2021\/11\/gaceta-americana-portada.jpg\" data-cols=\"3\" data-query=\"\"><\/div>\n<h6>2021<\/h6>\n<p><small>Gaceta Americana de Justicia Electoral<\/small><\/p>\n\t<small><a href=\"\/wp-content\/uploads\/2021\/11\/Gaceta-Americana-Justicia-Electoral-2021.pdf\" target=\"_blank\" rel=\"noopener\"> Descargar PDF<\/a><\/small>\n<h3>\n\t\tGaceta Americana de Justicia Electoral N.2\n\t<\/h3>\n\t<p>La &#8220;Gaceta Americana de Justicia Electoral N. 2&#8221; es una herramienta de an\u00e1lisis que facilitar\u00e1 la interacci\u00f3n de: \u00f3rganos electorales, organizaciones pol\u00edticas, candidatos, profesionales del Derecho, comunidad acad\u00e9mica, funcionarios t\u00e9cnicos de los organismos electorales y a la ciudadan\u00eda activa en el ejercicio y garant\u00eda de los derechos de participaci\u00f3n, la posibilidad de realizar an\u00e1lisis comparados del Derecho Electoral, a partir de los insumos proporcionados.<\/p>\n<p>Si desea visualizar la Gaceta Americana de Justicia Electoral N\u00ba 2 en nuestro lector digital, de click en la imagen de la portada. Si prefiere descargarla en formato PDF, por favor de click en el enlace &#8220;Descargar PDF&#8221;<\/p>\n\t<div class=\"_3d-flip-book  fb3d-thumbnail-lightbox-mode\" data-id=\"8471\" data-mode=\"thumbnail-lightbox\" data-title=\"false\" data-template=\"short-white-book-view\" data-lightbox=\"dark\" data-urlparam=\"fb3d-page\" data-page-n=\"0\" data-pdf=\"\" data-tax=\"null\" data-thumbnail=\"\/wp-content\/uploads\/2022\/12\/Gaceta-Americana-N.2.jpeg\" data-cols=\"3\" data-query=\"\"><\/div>\n<h6>2022<\/h6>\n<small>Gaceta Americana de Justicia Electoral N.2<br \/>\n<\/small>\n\t<small><a href=\"\/wp-content\/uploads\/2022\/11\/Gaceta-Americana-de-Justicia-Electoral-N.2.pdf\" target=\"_blank\" rel=\"noopener\"> Descargar PDF<\/a><\/small>\n<h3>\n\t\tGaceta Americana de Justicia Electoral N.3\n\t<\/h3>\n\t<p>La &#8220;Gaceta Americana de Justicia Electoral N. 3&#8221; tiene como objetivo construir un espacio hemisf\u00e9rico para la promoci\u00f3n de la conciencia, el intercambio y el conocimiento sobre los derechos pol\u00edticos en nuestro continente. Para los sistemas democr\u00e1ticos es crucial el acceso igualitario a la participaci\u00f3n de las y los ciudadanos en los asuntos de inter\u00e9s p\u00fablico y la garant\u00eda del pluralismo pol\u00edtico. De ah\u00ed que, es imprescindible la revisi\u00f3n de algunos pronunciamientos judiciales de pa\u00edses de la regi\u00f3n que analizan situaciones reales que obstaculizan el ejercicio de las prerrogativas pol\u00edticas.<\/p>\n<p>Si desea visualizar la Gaceta Americana de Justicia Electoral N\u00ba 3 en nuestro lector digital, de click en la imagen de la portada. Si prefiere descargarla en formato PDF, por favor de click en el enlace &#8220;Descargar PDF&#8221;<\/p>\n\t<div class=\"_3d-flip-book  fb3d-thumbnail-lightbox-mode\" data-id=\"10122\" data-mode=\"thumbnail-lightbox\" data-title=\"false\" data-template=\"short-white-book-view\" data-lightbox=\"dark\" data-urlparam=\"fb3d-page\" data-page-n=\"0\" data-pdf=\"\" data-tax=\"null\" data-thumbnail=\"\/wp-content\/uploads\/2023\/10\/Portada-Gaceta-americana.png\" data-cols=\"3\" data-query=\"\"><\/div>\n<h6>2023<\/h6>\n<small>Gaceta Americana de Justicia Electoral N.3<br \/>\n<\/small>\n\t<small><a href=\"\/wp-content\/uploads\/2023\/09\/GACETA-AMERICANA-DE-JUSTICIA-ELECTORAL-2023-1.pdf\" target=\"_blank\" rel=\"noopener\"> Descargar PDF<\/a><\/small>\n<h3>\n\t\tGaceta Americana de Justicia Electoral N.4\n\t<\/h3>\n\t<p>Presentamos con mucho entusiasmo la Gaceta Americana de Justicia Electoral 2024, una iniciativa del Tribunal Contencioso Electoral de Ecuador.\u00a0 Esta publicaci\u00f3n re\u00fane y presenta las sentencias y resoluciones m\u00e1s significativas en materia electoral de la regi\u00f3n, destacando los desaf\u00edos que enfrentamos para fortalecer la justicia y la democracia en Am\u00e9rica. En esta edici\u00f3n, participan los \u00f3rganos electorales de Argentina, Costa Rica, Ecuador, Honduras, Paraguay y Per\u00fa, compartiendo decisiones que abordan temas jur\u00eddicos y pol\u00edticos de gran relevancia<\/p>\n<p>Si desea visualizar la Gaceta Americana de Justicia Electoral N\u00ba 4 en nuestro lector digital, de click en la imagen de la portada. Si prefiere descargarla en formato PDF, por favor de click en el enlace &#8220;Descargar PDF&#8221;<\/p>\n\t<div class=\"_3d-flip-book  fb3d-thumbnail-lightbox-mode\" data-id=\"12451\" data-mode=\"thumbnail-lightbox\" data-title=\"false\" data-template=\"short-white-book-view\" data-lightbox=\"dark\" data-urlparam=\"fb3d-page\" data-page-n=\"0\" data-pdf=\"\" data-tax=\"null\" data-thumbnail=\"\/wp-content\/uploads\/2024\/12\/portada-Gaceta-Americana-2024.jpg\" data-cols=\"3\" data-query=\"\"><\/div>\n<h6>2024<\/h6>\n<small>Gaceta Americana de Justicia Electoral N.4<br \/>\n<\/small>\n\t<small><a href=\"\/wp-content\/uploads\/2024\/12\/Gaceta-Americana-2024-web.pdf\" target=\"_blank\" rel=\"noopener\"> Descargar PDF<\/a><\/small>\n<h3>\n\t\tGaceta Americana de Justicia Electoral N.5\n\t<\/h3>\n\t<p>La evoluci\u00f3n de la democracia en Am\u00e9rica Latina ha puesto de manifiesto que la garant\u00eda de los derechos pol\u00edticos excede la realizaci\u00f3n peri\u00f3dica de elecciones y se apoya en la existencia de \u00f3rganos de justicia electoral s\u00f3lidos, especializados y t\u00e9cnicamente id\u00f3neos, capaces de resolver controversias con sujeci\u00f3n a la legalidad, a los principios democr\u00e1ticos y a los est\u00e1ndares internacionales de derechos humanos. En este contexto, se presenta la Gaceta Americana de Justicia Electoral 2025, una publicaci\u00f3n que re\u00fane decisiones jurisdiccionales relevantes de los \u00f3rganos electorales de Costa Rica, Guatemala, Ecuador, M\u00e9xico, Per\u00fa y Uruguay, con el objetivo de fortalecer el di\u00e1logo jurisprudencial regional, promover el an\u00e1lisis comparado y aportar a la consolidaci\u00f3n de sistemas electorales m\u00e1s transparentes, inclusivos y confiables.<\/p>\n<p>Si desea visualizar la Gaceta Americana de Justicia Electoral N\u00ba 5 en nuestro lector digital, de click en la imagen de la portada. Si prefiere descargarla en formato PDF, por favor de click en el enlace &#8220;Descargar PDF&#8221;<\/p>\n\t<div class=\"_3d-flip-book  fb3d-thumbnail-lightbox-mode\" data-id=\"13899\" data-mode=\"thumbnail-lightbox\" data-title=\"false\" data-template=\"short-white-book-view\" data-lightbox=\"dark\" data-urlparam=\"fb3d-page\" data-page-n=\"0\" data-pdf=\"\" data-tax=\"null\" data-thumbnail=\"\/wp-content\/uploads\/2025\/12\/portada-general-scaled.jpg\" data-cols=\"3\" data-query=\"\"><\/div>\n<h6>2025<\/h6>\n<p><small>Gaceta Americana de Justicia Electoral N.5<\/small><\/p>\n<p>&nbsp;<\/p>\n\t<small><a href=\"\/wp-content\/uploads\/2025\/12\/Gaceta-AmericanaN-5.pdf\" target=\"_blank\" rel=\"noopener\"> Descargar PDF<\/a><\/small>\n\n","protected":false},"excerpt":{"rendered":"<div class=\"entry-summary\">\nGaceta Americana de Justicia Electoral Gaceta Americana de Justicia Electoral N.1 En el marco del &#8220;Proyecto Apoyo al&hellip;\n<\/div>\n<div class=\"link-more\"><a href=\"https:\/\/www.tce.gob.ec\/index.php\/gaceta-americana\/\" class=\"more-link\">Continuar leyendo<span class=\"screen-reader-text\"> &ldquo;Gaceta Americana de Justicia Electoral&rdquo;<\/span>&hellip;<\/a><\/div>\n","protected":false},"author":1,"featured_media":0,"parent":0,"menu_order":0,"comment_status":"closed","ping_status":"closed","template":"templates\/no-title.php","meta":{"_monsterinsights_skip_tracking":false,"_monsterinsights_sitenote_active":false,"_monsterinsights_sitenote_note":"","_monsterinsights_sitenote_category":0,"footnotes":""},"categories":[],"tags":[],"class_list":["post-3169","page","type-page","status-publish","hentry","entry"],"amp_enabled":false,"_links":{"self":[{"href":"https:\/\/www.tce.gob.ec\/index.php\/wp-json\/wp\/v2\/pages\/3169","targetHints":{"allow":["GET"]}}],"collection":[{"href":"https:\/\/www.tce.gob.ec\/index.php\/wp-json\/wp\/v2\/pages"}],"about":[{"href":"https:\/\/www.tce.gob.ec\/index.php\/wp-json\/wp\/v2\/types\/page"}],"author":[{"embeddable":true,"href":"https:\/\/www.tce.gob.ec\/index.php\/wp-json\/wp\/v2\/users\/1"}],"replies":[{"embeddable":true,"href":"https:\/\/www.tce.gob.ec\/index.php\/wp-json\/wp\/v2\/comments?post=3169"}],"version-history":[{"count":21,"href":"https:\/\/www.tce.gob.ec\/index.php\/wp-json\/wp\/v2\/pages\/3169\/revisions"}],"predecessor-version":[{"id":13910,"href":"https:\/\/www.tce.gob.ec\/index.php\/wp-json\/wp\/v2\/pages\/3169\/revisions\/13910"}],"wp:attachment":[{"href":"https:\/\/www.tce.gob.ec\/index.php\/wp-json\/wp\/v2\/media?parent=3169"}],"wp:term":[{"taxonomy":"category","embeddable":true,"href":"https:\/\/www.tce.gob.ec\/index.php\/wp-json\/wp\/v2\/categories?post=3169"},{"taxonomy":"post_tag","embeddable":true,"href":"https:\/\/www.tce.gob.ec\/index.php\/wp-json\/wp\/v2\/tags?post=3169"}],"curies":[{"name":"wp","href":"https:\/\/api.w.org\/{rel}","templated":true}]}}