{"id":4050,"date":"2021-11-13T23:23:50","date_gmt":"2021-11-14T04:23:50","guid":{"rendered":"https:\/\/www.tce.gob.ec\/?page_id=4050"},"modified":"2021-12-02T08:29:01","modified_gmt":"2021-12-02T13:29:01","slug":"reflexiones-2021-1-seccion","status":"publish","type":"page","link":"https:\/\/www.tce.gob.ec\/index.php\/reflexiones-principal\/reflexiones-2021-1\/reflexiones-2021-1-seccion\/","title":{"rendered":"Reflexiones Plantilla Seccion"},"content":{"rendered":"\n<div class=\"aioseo-breadcrumbs\"><span class=\"aioseo-breadcrumb\">\n\tInicio\n<\/span><\/div>\n\t<a href=\"javascript:history.back()\"> Regresar<\/a>\n<h3>\n\t\tNombre de la seccion\n\t<\/h3>\n        <iframe loading=\"lazy\" src=\"https:\/\/www.youtube.com\/embed\/W1hZItYcRUM\" title=\"YouTube video player\" allow=\"accelerometer; autoplay; clipboard-write; encrypted-media; gyroscope; picture-in-picture\" allowfullscreen=\"\" width=\"560\" height=\"315\" frameborder=\"0\"><\/iframe>\n    <small> Descripcion<\/small>\n\t\t\t\t<img loading=\"lazy\" decoding=\"async\" src=\"https:\/\/www.tce.gob.ec\/wp-content\/uploads\/2021\/11\/foto1-reflexiones.jpg\" alt=\"\" itemprop=\"image\" onerror=\"this.style.display='none'\" width=\"502\" height=\"613\">\n\t<p><small>Lorem ipsum dolor sit amet, consectetur adipiscing elit. Phasellus sodales interdum fermentum. Nullam nec metus nec magna hendrerit aliquet et et nulla. Integer non rutrum dolor. Phasellus id varius neque. Aenean elementum justo vel risus suscipit sollicitudin. In consectetur eros sit amet leo efficitur faucibus. Phasellus molestie augue magna, nec congue orci dapibus eu. Nullam in lorem elit. Fusce posuere tellus posuere posuere euismod. Aenean elementum turpis blandit porta facilisis. Integer at ante id risus rhoncus tincidunt a malesuada orci.<\/small><\/p>\n\t<h4>LA Unidad de An\u00e1lisis Financiero y Econ\u00f3mico (UAFE) y su labor en el \ufb01nanciamiento de la pol\u00edtica<\/h4>\n<strong>1. \u00bfQu\u00e9 es la Unidad de An\u00e1lisis Financiero y Econ\u00f3mico (UAFE)?<\/strong><br>\nLa Unidad de An\u00e1lisis Financiero y Econ\u00f3mico (UAFE) es la entidad t\u00e9cnica responsable de la recopilaci\u00f3n de informaci\u00f3n, realizaci\u00f3n de reportes, ejecuci\u00f3n de las pol\u00edticas y estrategias nacionales de prevenci\u00f3n y erradicaci\u00f3n del lavado de activos y financiamiento de delitos; de conformidad con el art\u00edculo 11 de la Ley Org\u00e1nica de Prevenci\u00f3n, Detecci\u00f3n y Erradicaci\u00f3n del Delito de Lavado de Activos y del Financiamiento de Delitos. Asimismo, seg\u00fan el citado art\u00edculo, la UAFE cuenta con autonom\u00eda operativa, administrativa, fnanciera y jurisdicci\u00f3n coactiva adscrita al Ministerio de Econom\u00eda y Finanzas; tiene la<br>\npotestad de solicitar y recibir bajo reserva informaci\u00f3n sobre operaciones o transacciones econ\u00f3micas inusuales e injustifcadas<br>\npara procesarlas, analizarlas y, de ser el caso, remitir un reporte de car\u00e1cter reservado con los debidos soportes a la Fiscal\u00eda General del Estado.\n<strong>2. \u00bfCu\u00e1les son las funciones de la UAFE?<\/strong><br>\nDe acuerdo con el art\u00edculo 12 de la mencionada Ley, la UAFE cumple varias funciones, entre ellas: elaborar programas y ejecutar acciones para detectar operaciones o transacciones econ\u00f3micas inusuales e injusti\udbc0\udc01cadas, solicitar a los sujetos obligados que pertenecen a los sectores econ\u00f3micos la informaci\u00f3n que considere necesaria para el cumplimiento de sus funciones e incorporar nuevos sujetos obligados a reportar. Adicionalmente, coordina, promueve y ejecuta programas de cooperaci\u00f3n con organismos internacionales an\u00e1logos y con unidades nacionales, con el objeto de intercambiar informaci\u00f3n general o espec\u00edfca relativa al lavado de activos y \udbc0\udc01nanciamiento de delitos. Tambi\u00e9n, organiza programas peri\u00f3dicos de capacitaci\u00f3n en prevenci\u00f3n de lavado de activos<br>\ny \udbc0\udc01nanciamiento de delitos.\n<hr class=\"wm-divider type-line\" \/>\n\t\t\t\t<img loading=\"lazy\" decoding=\"async\" src=\"https:\/\/www.tce.gob.ec\/wp-content\/uploads\/2021\/11\/grafico-barras.jpg\" alt=\"grafico-barras\" itemprop=\"image\" title=\"grafico-barras\" onerror=\"this.style.display='none'\" width=\"528\" height=\"442\">\n\t<h4>Acerca de este cuadro<\/h4>\n<p>Nunc tincidunt ac sapien quis eleifend. Donec sed dictum est. In eu dolor vulputate, hendrerit lacus vel, dapibus augue. Morbi id tortor eget odio efficitur accumsan ac id mi. Praesent eu nibh congue, viverra metus vel, lacinia mauris. Nunc elementum fringilla nunc, eu varius erat. In dolor felis, vehicula non tortor et, accumsan vestibulum nisl.<\/p>\n","protected":false},"excerpt":{"rendered":"<div class=\"entry-summary\">\nRegresar Nombre de la seccion Descripcion Lorem ipsum dolor sit amet, consectetur adipiscing elit. Phasellus sodales interdum fermentum.&hellip;\n<\/div>\n<div class=\"link-more\"><a href=\"https:\/\/www.tce.gob.ec\/index.php\/reflexiones-principal\/reflexiones-2021-1\/reflexiones-2021-1-seccion\/\" class=\"more-link\">Continuar leyendo<span class=\"screen-reader-text\"> &ldquo;Reflexiones Plantilla Seccion&rdquo;<\/span>&hellip;<\/a><\/div>\n","protected":false},"author":1,"featured_media":0,"parent":4024,"menu_order":0,"comment_status":"closed","ping_status":"closed","template":"templates\/no-title.php","meta":{"_monsterinsights_skip_tracking":false,"_monsterinsights_sitenote_active":false,"_monsterinsights_sitenote_note":"","_monsterinsights_sitenote_category":0,"footnotes":""},"categories":[35],"tags":[36],"class_list":["post-4050","page","type-page","status-publish","hentry","category-reflexionescate","tag-reflexiones","entry"],"amp_enabled":false,"_links":{"self":[{"href":"https:\/\/www.tce.gob.ec\/index.php\/wp-json\/wp\/v2\/pages\/4050","targetHints":{"allow":["GET"]}}],"collection":[{"href":"https:\/\/www.tce.gob.ec\/index.php\/wp-json\/wp\/v2\/pages"}],"about":[{"href":"https:\/\/www.tce.gob.ec\/index.php\/wp-json\/wp\/v2\/types\/page"}],"author":[{"embeddable":true,"href":"https:\/\/www.tce.gob.ec\/index.php\/wp-json\/wp\/v2\/users\/1"}],"replies":[{"embeddable":true,"href":"https:\/\/www.tce.gob.ec\/index.php\/wp-json\/wp\/v2\/comments?post=4050"}],"version-history":[{"count":15,"href":"https:\/\/www.tce.gob.ec\/index.php\/wp-json\/wp\/v2\/pages\/4050\/revisions"}],"predecessor-version":[{"id":5973,"href":"https:\/\/www.tce.gob.ec\/index.php\/wp-json\/wp\/v2\/pages\/4050\/revisions\/5973"}],"up":[{"embeddable":true,"href":"https:\/\/www.tce.gob.ec\/index.php\/wp-json\/wp\/v2\/pages\/4024"}],"wp:attachment":[{"href":"https:\/\/www.tce.gob.ec\/index.php\/wp-json\/wp\/v2\/media?parent=4050"}],"wp:term":[{"taxonomy":"category","embeddable":true,"href":"https:\/\/www.tce.gob.ec\/index.php\/wp-json\/wp\/v2\/categories?post=4050"},{"taxonomy":"post_tag","embeddable":true,"href":"https:\/\/www.tce.gob.ec\/index.php\/wp-json\/wp\/v2\/tags?post=4050"}],"curies":[{"name":"wp","href":"https:\/\/api.w.org\/{rel}","templated":true}]}}