{"id":5913,"date":"2021-11-26T14:35:19","date_gmt":"2021-11-26T19:35:19","guid":{"rendered":"https:\/\/www.tce.gob.ec\/?page_id=5913"},"modified":"2021-12-29T10:36:10","modified_gmt":"2021-12-29T15:36:10","slug":"reflexiones-2021-4","status":"publish","type":"page","link":"https:\/\/www.tce.gob.ec\/index.php\/reflexiones-principal\/reflexiones-2021-4\/","title":{"rendered":"Reflexiones 2021 4"},"content":{"rendered":"\n\n\t<div class=\"aioseo-breadcrumbs\"><span class=\"aioseo-breadcrumb\">\n\tInicio\n<\/span><\/div>\n\t\t\t\t<img loading=\"lazy\" decoding=\"async\" src=\"https:\/\/www.tce.gob.ec\/wp-content\/uploads\/2021\/11\/logo-reflexiones.png\" alt=\"logo reflexiones\" itemprop=\"image\" height=\"130\" width=\"573\" onerror=\"this.style.display='none'\"  \/>\n\t\t\t\t<a href=\"https:\/\/www.tce.gob.ec\/wp-content\/uploads\/2021\/11\/pub-portada-reflexiones-4.jpg\" target=\"_self\" itemprop=\"url\" rel=\"noopener\">\n\t\t\t\t<img loading=\"lazy\" decoding=\"async\" src=\"https:\/\/www.tce.gob.ec\/wp-content\/uploads\/2021\/11\/pub-portada-reflexiones-4.jpg\" alt=\"portada reflexiones 2021 4\" itemprop=\"image\" height=\"840\" width=\"593\" title=\"pub-portada-reflexiones-4\" onerror=\"this.style.display='none'\"  \/>\n\t\t\t\t<\/a>\n\t<a href=\"javascript:history.back()\"> Regresar<\/a>\n\t<small><br \/>\n<strong>Numero 4<\/strong><br \/>\nDiciembre 2021<\/small>\n<h4>Tema:<br \/>\nViolencia Pol\u00edtica de G\u00e9nero<\/h4>\n\t<strong>PRESENTACI\u00d3N<\/strong><br \/>\nLas reformas a la Ley Org\u00e1nica Electoral y de Organizaciones Pol\u00edticas de la Rep\u00fablica del Ecuador,C\u00f3digo de la Democracia,publicadas en el Suplemento de Registro Oficial No. 134, de 03 de febrero \u00a0de 2020, modificaron \u00a0en \u00a0forma sustancial el Sistema Electoral Ecuatoriano, destac\u00e1ndose \u00a0entre \u00a0varias \u00a0tem\u00e1ticas e \u00a0instituciones\u00a0 \u00a0jur\u00eddicas \u00a0la tipificaci\u00f3n de la denominada:Violencia Pol\u00edtica de G\u00e9nero.\nAb. Milton Andr\u00e9s Paredes Paredes MSc.<br \/>\nDirector de Investigaci\u00f3n Contencioso Electoral\n<h3>\n\t\tSecciones\n\t<\/h3>\n\t<a href=\"index.php\/reflexiones-2021-4-esfera-institucional\">\n    <h5>Esfera Institucional<\/h5>\n    <p>Violencia Pol\u00edtica de G\u00e9nero Dr. \u00c1ngel Torres Maldonado Juez Principal del TCE<\/p>\n    <\/a>\n    <h5>\u00c1mbito Electoral<\/h5>\n    <p>Contra el pacto del silencio Flavia Freidenberg<\/p>\n    <h5>Precisiones<\/h5>\n    <p>Indicadores de Justicia Electoral<\/p>\n    <h5>En Perspectiva <\/h5>\n    <p> Entrevista Dra. Wilma Andrade<\/p>\n    <h5>Escenario Electoral<\/h5>\n    <p>Miriam Barahona: Prevenci\u00f3n y sanci\u00f3n de la Violencia Pol\u00edtica de G\u00e9nero<\/p>\n    <h5>Escenario Electoral<\/h5>\n    <p>Ivan Mora: La Violencia Pol\u00edtica de G\u00e9nero y la paridad en la participaci\u00f3n <\/p>\n\t<small><a href=\"\/wp-content\/uploads\/2021\/12\/Boletin-4-Final.pdf\" target=\"_blank\" rel=\"noopener\"> Descargar PDF<\/a><\/small>\n<a href=\"#\" class=\"_3d-flip-book  fb3d-link-lightbox-mode\" data-id=\"5911\" data-mode=\"link-lightbox\" data-title=\"false\" data-template=\"short-white-book-view\" data-lightbox=\"dark\" data-urlparam=\"fb3d-page\" data-page-n=\"0\" data-pdf=\"\" data-tax=\"null\" data-thumbnail=\"\" data-cols=\"3\" data-query=\"\"><small> Ver en lector digital<\/small><\/a>\n\n","protected":false},"excerpt":{"rendered":"<div class=\"entry-summary\">\nRegresar Numero 4 Diciembre 2021 Tema: Violencia Pol\u00edtica de G\u00e9nero PRESENTACI\u00d3N Las reformas a la Ley Org\u00e1nica Electoral&hellip;\n<\/div>\n<div class=\"link-more\"><a href=\"https:\/\/www.tce.gob.ec\/index.php\/reflexiones-principal\/reflexiones-2021-4\/\" class=\"more-link\">Continuar leyendo<span class=\"screen-reader-text\"> &ldquo;Reflexiones 2021 4&rdquo;<\/span>&hellip;<\/a><\/div>\n","protected":false},"author":1,"featured_media":0,"parent":3649,"menu_order":0,"comment_status":"closed","ping_status":"closed","template":"templates\/no-title.php","meta":{"_monsterinsights_skip_tracking":false,"_monsterinsights_sitenote_active":false,"_monsterinsights_sitenote_note":"","_monsterinsights_sitenote_category":0,"footnotes":""},"categories":[35],"tags":[36],"class_list":["post-5913","page","type-page","status-publish","hentry","category-reflexionescate","tag-reflexiones","entry"],"amp_enabled":false,"_links":{"self":[{"href":"https:\/\/www.tce.gob.ec\/index.php\/wp-json\/wp\/v2\/pages\/5913","targetHints":{"allow":["GET"]}}],"collection":[{"href":"https:\/\/www.tce.gob.ec\/index.php\/wp-json\/wp\/v2\/pages"}],"about":[{"href":"https:\/\/www.tce.gob.ec\/index.php\/wp-json\/wp\/v2\/types\/page"}],"author":[{"embeddable":true,"href":"https:\/\/www.tce.gob.ec\/index.php\/wp-json\/wp\/v2\/users\/1"}],"replies":[{"embeddable":true,"href":"https:\/\/www.tce.gob.ec\/index.php\/wp-json\/wp\/v2\/comments?post=5913"}],"version-history":[{"count":6,"href":"https:\/\/www.tce.gob.ec\/index.php\/wp-json\/wp\/v2\/pages\/5913\/revisions"}],"predecessor-version":[{"id":6293,"href":"https:\/\/www.tce.gob.ec\/index.php\/wp-json\/wp\/v2\/pages\/5913\/revisions\/6293"}],"up":[{"embeddable":true,"href":"https:\/\/www.tce.gob.ec\/index.php\/wp-json\/wp\/v2\/pages\/3649"}],"wp:attachment":[{"href":"https:\/\/www.tce.gob.ec\/index.php\/wp-json\/wp\/v2\/media?parent=5913"}],"wp:term":[{"taxonomy":"category","embeddable":true,"href":"https:\/\/www.tce.gob.ec\/index.php\/wp-json\/wp\/v2\/categories?post=5913"},{"taxonomy":"post_tag","embeddable":true,"href":"https:\/\/www.tce.gob.ec\/index.php\/wp-json\/wp\/v2\/tags?post=5913"}],"curies":[{"name":"wp","href":"https:\/\/api.w.org\/{rel}","templated":true}]}}