{"id":6936,"date":"2022-03-11T10:13:34","date_gmt":"2022-03-11T15:13:34","guid":{"rendered":"https:\/\/www.tce.gob.ec\/?page_id=6936"},"modified":"2022-06-10T16:26:59","modified_gmt":"2022-06-10T21:26:59","slug":"concursos-meritos","status":"publish","type":"page","link":"https:\/\/www.tce.gob.ec\/index.php\/transparencia\/concursos-meritos\/","title":{"rendered":"Concurso de M\u00e9ritos Conjueces Ocasionales"},"content":{"rendered":"\n<div class=\"aioseo-breadcrumbs\"><span class=\"aioseo-breadcrumb\">\n\tInicio\n<\/span><\/div>\n\n\n\n<h2 class=\"wp-block-heading\">\n\t\tTransparencia\n\t<\/h2>\n\n\n\n<h3 class=\"wp-block-heading\">Concurso de M\u00e9ritos Conjueces Ocasionales  <\/h3>\n\n\n\n<p>El Tribunal Contencioso Electoral pone a conocimiento de la ciudadan\u00eda la informaci\u00f3n relacionada con el Concurso de M\u00e9ritos Conjueces Ocasionales\n\t<div id=\"sp-ea-6941\" class=\"sp-ea-seven sp-easy-accordion\" data-ex-icon=\"fa-chevron-down\" data-col-icon=\"fa-chevron-up\"  data-ea-active=\"ea-click\"  data-ea-mode=\"vertical\" data-ea-coll=\"\" data-keep-accordion=\"\" data-autoclose=\"\" data-preloader=\"0\" data-autoplaytime=\"3000\"><div class=\"ea-card ea-expand sp-ea-single\" ><h4 class=\"ea-header\"><a class=\"collapsed\" data-sptoggle=\"spcollapse\" data-sptarget=\"#collapse69410\" href=\"javascript:void(0)\" aria-expanded=\"true\"><i class=\"ea-expand-icon fa fa-chevron-down\"><\/i>  Resoluci\u00f3n de Inicio<\/a><\/h4><div class=\"sp-collapse spcollapse collapsed show \" id=\"collapse69410\" data-parent=\"#sp-ea-6941\"><div class=\"ea-body animated fadeIn\"> <p><a class=\"descargar-acordeon\" href=\"\/wp-content\/uploads\/2024\/06\/RESOLUCION-INICIO-DEL-PROCESO-CONJUECES-4.pdf\" target=\"_blank\" rel=\"noopener\"> Resoluci\u00f3n de Inicio<\/a><\/p>\n <\/div><\/div><\/div><div class=\"ea-card   sp-ea-single\" ><h4 class=\"ea-header\"><a class=\"collapsed\" data-sptoggle=\"spcollapse\" data-sptarget=\"#collapse69411\" href=\"javascript:void(0)\" aria-expanded=\"false\"><i class=\"ea-expand-icon fa fa-chevron-up\"><\/i>  Instructivo<\/a><\/h4><div class=\"sp-collapse spcollapse   \" id=\"collapse69411\" data-parent=\"#sp-ea-6941\"><div class=\"ea-body animated fadeIn\"> <p><a class=\"descargar-acordeon\" href=\"\/wp-content\/uploads\/2022\/06\/INSTRUCTIVO_-SELECCION_-CONJUECES-OCASIONALES-TCE.pdf\" target=\"_blank\" rel=\"noopener\"> Instructivo<\/a><\/p>\n <\/div><\/div><\/div><div class=\"ea-card   sp-ea-single\" ><h4 class=\"ea-header\"><a class=\"collapsed\" data-sptoggle=\"spcollapse\" data-sptarget=\"#collapse69412\" href=\"javascript:void(0)\" aria-expanded=\"false\"><i class=\"ea-expand-icon fa fa-chevron-up\"><\/i>  Reforma Art. 5 del Instructivo<\/a><\/h4><div class=\"sp-collapse spcollapse   \" id=\"collapse69412\" data-parent=\"#sp-ea-6941\"><div class=\"ea-body animated fadeIn\"> <p><a class=\"descargar-acordeon\" href=\"\/wp-content\/uploads\/2024\/07\/RESOLUCION-Nro.-PLE-TCE-1-05-07-2024-EXT.pdf\" target=\"_blank\" rel=\"noopener\"> RESOLUCI\u00d3N Nro. PLE-TCE-1-05-07-2024-EXT<\/a><\/p>\n <\/div><\/div><\/div><div class=\"ea-card   sp-ea-single\" ><h4 class=\"ea-header\"><a class=\"collapsed\" data-sptoggle=\"spcollapse\" data-sptarget=\"#collapse69413\" href=\"javascript:void(0)\" aria-expanded=\"false\"><i class=\"ea-expand-icon fa fa-chevron-up\"><\/i>  Cronograma<\/a><\/h4><div class=\"sp-collapse spcollapse   \" id=\"collapse69413\" data-parent=\"#sp-ea-6941\"><div class=\"ea-body animated fadeIn\"> <p><a class=\"descargar-acordeon\" href=\"\/wp-content\/uploads\/2024\/08\/CRONOGRAMA-CONJUECES.xlsx\" target=\"_blank\" rel=\"noopener\"> Cronograma<\/a><\/p>\n <\/div><\/div><\/div><div class=\"ea-card   sp-ea-single\" ><h4 class=\"ea-header\"><a class=\"collapsed\" data-sptoggle=\"spcollapse\" data-sptarget=\"#collapse69414\" href=\"javascript:void(0)\" aria-expanded=\"false\"><i class=\"ea-expand-icon fa fa-chevron-up\"><\/i>  Manual de Usuario<\/a><\/h4><div class=\"sp-collapse spcollapse   \" id=\"collapse69414\" data-parent=\"#sp-ea-6941\"><div class=\"ea-body animated fadeIn\"> <p><a class=\"descargar-acordeon\" href=\"\/wp-content\/uploads\/2024\/06\/MANUAL-USUARIO-2024.pdf\" target=\"_blank\" rel=\"noopener\"> Manual de Usuario<\/a><\/p>\n <\/div><\/div><\/div><div class=\"ea-card   sp-ea-single\" ><h4 class=\"ea-header\"><a class=\"collapsed\" data-sptoggle=\"spcollapse\" data-sptarget=\"#collapse69415\" href=\"javascript:void(0)\" aria-expanded=\"false\"><i class=\"ea-expand-icon fa fa-chevron-up\"><\/i>  Formulario de Postulaci\u00f3n Electr\u00f3nico para Conjueces Ocasionales<\/a><\/h4><div class=\"sp-collapse spcollapse   \" id=\"collapse69415\" data-parent=\"#sp-ea-6941\"><div class=\"ea-body animated fadeIn\"> <p><a class=\"descargar-acordeon\" href=\"\/wp-content\/uploads\/2024\/06\/FORMULARIO-POSTULACION-2024.xls\" target=\"_blank\" rel=\"noopener\"> Formulario de Postulaci\u00f3n<\/a><\/p>\n <\/div><\/div><\/div><div class=\"ea-card   sp-ea-single\" ><h4 class=\"ea-header\"><a class=\"collapsed\" data-sptoggle=\"spcollapse\" data-sptarget=\"#collapse69416\" href=\"javascript:void(0)\" aria-expanded=\"false\"><i class=\"ea-expand-icon fa fa-chevron-up\"><\/i>  Requisitos declaraci\u00f3n Juramentada para Conjueces Ocasionales<\/a><\/h4><div class=\"sp-collapse spcollapse   \" id=\"collapse69416\" data-parent=\"#sp-ea-6941\"><div class=\"ea-body animated fadeIn\"> <p><a class=\"descargar-acordeon\" href=\"\/wp-content\/uploads\/2022\/06\/DECLARACION-JURAMENTADA-PARA-POSTULANTE-CONJUECES.docx\" target=\"_blank\" rel=\"noopener\"> Declaraci\u00f3n Juramentada<\/a><\/p>\n <\/div><\/div><\/div><div class=\"ea-card   sp-ea-single\" ><h4 class=\"ea-header\"><a class=\"collapsed\" data-sptoggle=\"spcollapse\" data-sptarget=\"#collapse69417\" href=\"javascript:void(0)\" aria-expanded=\"false\"><i class=\"ea-expand-icon fa fa-chevron-up\"><\/i>  Resoluci\u00f3n designaci\u00f3n de la Comisi\u00f3n Acad\u00e9mica de Acompa\u00f1amiento<\/a><\/h4><div class=\"sp-collapse spcollapse   \" id=\"collapse69417\" data-parent=\"#sp-ea-6941\"><div class=\"ea-body animated fadeIn\"> <p><a class=\"descargar-acordeon\" href=\"\/wp-content\/uploads\/2024\/07\/Resolucion-PLE-TCE-1-17-07-2024-EXT.pdf\" target=\"_blank\" rel=\"noopener\"> Resolucion-PLE-TCE-1-17-07-2024-EXT - Designaci\u00f3n de la Comisi\u00f3n Acad\u00e9mica de Acompa\u00f1amiento<\/a><\/p>\n <\/div><\/div><\/div><div class=\"ea-card   sp-ea-single\" ><h4 class=\"ea-header\"><a class=\"collapsed\" data-sptoggle=\"spcollapse\" data-sptarget=\"#collapse69418\" href=\"javascript:void(0)\" aria-expanded=\"false\"><i class=\"ea-expand-icon fa fa-chevron-up\"><\/i>  Resoluci\u00f3n  Nro. PLE-TCE-1-25-07-2024-EXT<\/a><\/h4><div class=\"sp-collapse spcollapse   \" id=\"collapse69418\" data-parent=\"#sp-ea-6941\"><div class=\"ea-body animated fadeIn\"> <p><a class=\"descargar-acordeon\" href=\"\/wp-content\/uploads\/2024\/07\/RESOLUCION-Nro.-PLE-TCE-1-25-07-2024-EXT-signed.pdf\" target=\"_blank\" rel=\"noopener\"> Resoluci\u00f3n  Nro. PLE-TCE-1-25-07-2024-EXT<\/a><\/p>\n <\/div><\/div><\/div><div class=\"ea-card   sp-ea-single\" ><h4 class=\"ea-header\"><a class=\"collapsed\" data-sptoggle=\"spcollapse\" data-sptarget=\"#collapse69419\" href=\"javascript:void(0)\" aria-expanded=\"false\"><i class=\"ea-expand-icon fa fa-chevron-up\"><\/i>  Resoluci\u00f3n  Nro. PLE-TCE-1-02-08-2024-EXT<\/a><\/h4><div class=\"sp-collapse spcollapse   \" id=\"collapse69419\" data-parent=\"#sp-ea-6941\"><div class=\"ea-body animated fadeIn\"> <p><a class=\"descargar-acordeon\" href=\"\/wp-content\/uploads\/2024\/08\/Resolucion-PLE-TCE-1-02-08-2024-EXT.pdf\" target=\"_blank\" rel=\"noopener\"> Resoluci\u00f3n Nro. PLE-TCE-1-02-08-2024-EXT<\/a><\/p>\n <\/div><\/div><\/div><div class=\"ea-card   sp-ea-single\" ><h4 class=\"ea-header\"><a class=\"collapsed\" data-sptoggle=\"spcollapse\" data-sptarget=\"#collapse694110\" href=\"javascript:void(0)\" aria-expanded=\"false\"><i class=\"ea-expand-icon fa fa-chevron-up\"><\/i>  Resoluci\u00f3n  Nro. PLE-TCE-2-12-08-2024-EXT  <\/a><\/h4><div class=\"sp-collapse spcollapse   \" id=\"collapse694110\" data-parent=\"#sp-ea-6941\"><div class=\"ea-body animated fadeIn\"> <p><a class=\"descargar-acordeon\" href=\"\/wp-content\/uploads\/2024\/08\/Resolucion-N.-PLE-TCE-2-12-08-2024-EXT.pdf\" target=\"_blank\" rel=\"noopener\"> Resoluci\u00f3n  Nro. PLE-TCE-2-12-08-2024-EXT  <\/a><\/p>\n <\/div><\/div><\/div><\/div>\n","protected":false},"excerpt":{"rendered":"<div class=\"entry-summary\">\nTransparencia Concurso de M\u00e9ritos Conjueces Ocasionales El Tribunal Contencioso Electoral pone a conocimiento de la ciudadan\u00eda la informaci\u00f3n&hellip;\n<\/div>\n<div class=\"link-more\"><a href=\"https:\/\/www.tce.gob.ec\/index.php\/transparencia\/concursos-meritos\/\" class=\"more-link\">Continuar leyendo<span class=\"screen-reader-text\"> &ldquo;Concurso de M\u00e9ritos Conjueces Ocasionales&rdquo;<\/span>&hellip;<\/a><\/div>\n","protected":false},"author":15,"featured_media":0,"parent":2300,"menu_order":0,"comment_status":"closed","ping_status":"closed","template":"templates\/no-title.php","meta":{"_monsterinsights_skip_tracking":false,"_monsterinsights_sitenote_active":false,"_monsterinsights_sitenote_note":"","_monsterinsights_sitenote_category":0,"footnotes":""},"categories":[],"tags":[],"class_list":["post-6936","page","type-page","status-publish","hentry","entry"],"amp_enabled":false,"_links":{"self":[{"href":"https:\/\/www.tce.gob.ec\/index.php\/wp-json\/wp\/v2\/pages\/6936","targetHints":{"allow":["GET"]}}],"collection":[{"href":"https:\/\/www.tce.gob.ec\/index.php\/wp-json\/wp\/v2\/pages"}],"about":[{"href":"https:\/\/www.tce.gob.ec\/index.php\/wp-json\/wp\/v2\/types\/page"}],"author":[{"embeddable":true,"href":"https:\/\/www.tce.gob.ec\/index.php\/wp-json\/wp\/v2\/users\/15"}],"replies":[{"embeddable":true,"href":"https:\/\/www.tce.gob.ec\/index.php\/wp-json\/wp\/v2\/comments?post=6936"}],"version-history":[{"count":6,"href":"https:\/\/www.tce.gob.ec\/index.php\/wp-json\/wp\/v2\/pages\/6936\/revisions"}],"predecessor-version":[{"id":7610,"href":"https:\/\/www.tce.gob.ec\/index.php\/wp-json\/wp\/v2\/pages\/6936\/revisions\/7610"}],"up":[{"embeddable":true,"href":"https:\/\/www.tce.gob.ec\/index.php\/wp-json\/wp\/v2\/pages\/2300"}],"wp:attachment":[{"href":"https:\/\/www.tce.gob.ec\/index.php\/wp-json\/wp\/v2\/media?parent=6936"}],"wp:term":[{"taxonomy":"category","embeddable":true,"href":"https:\/\/www.tce.gob.ec\/index.php\/wp-json\/wp\/v2\/categories?post=6936"},{"taxonomy":"post_tag","embeddable":true,"href":"https:\/\/www.tce.gob.ec\/index.php\/wp-json\/wp\/v2\/tags?post=6936"}],"curies":[{"name":"wp","href":"https:\/\/api.w.org\/{rel}","templated":true}]}}