{"id":7371,"date":"2022-05-12T13:07:24","date_gmt":"2022-05-12T18:07:24","guid":{"rendered":"https:\/\/www.tce.gob.ec\/?page_id=7371"},"modified":"2022-05-12T13:09:52","modified_gmt":"2022-05-12T18:09:52","slug":"esfera-institucional-5","status":"publish","type":"page","link":"https:\/\/www.tce.gob.ec\/index.php\/reflexiones-principal\/reflexiones-2021-1\/esfera-institucional-5\/","title":{"rendered":"Esfera Institucional 5"},"content":{"rendered":"\n\n\t<div class=\"aioseo-breadcrumbs\"><span class=\"aioseo-breadcrumb\">\n\tInicio\n<\/span><\/div>\n\t<a href=\"javascript:history.back()\"> Regresar<\/a>\n<h2>\n\t\tEsfera Institucional\n\t<\/h2>\n<h3>\n\t\tEL PROCESO DE LAS ELECCIONES SECCIONALES 2023 Y LAS REFORMAS AL C\u00d3DIGO DE LA DEMOCRACIA\n\t<\/h3>\n\t\t\t\t<img loading=\"lazy\" decoding=\"async\" src=\"https:\/\/www.tce.gob.ec\/wp-content\/uploads\/2022\/05\/TCE_0951-scaled.jpg\" alt=\"TCE_0951\" itemprop=\"image\" height=\"1707\" width=\"2560\" title=\"TCE_0951\" onerror=\"this.style.display='none'\"  \/>\n\tDr. Arturo Cabrera Pe\u00f1aherrera<br \/>\n<strong>Presidente TCE-Ecuador<\/strong>\n\t<p>En el Ecuador la democracia, en cuanto a normativa, en los \u00faltimos 43 a\u00f1os evolucion\u00f3 con preceptos que fortalecen los derechos de participaci\u00f3n ciudadana y asignan a las autoridades y servidores p\u00fablicos la responsabilidad de garantizarlos, sin que ninguna ley pueda restringirlos.<\/p>\n<p>A nivel constitucional el Ecuador se define como un Estado de &#8220;derechos y justicia&#8221; y el eje transversal de la norma suprema es la intervenci\u00f3n ciudadana en el ejercicio del poder y la definici\u00f3n de pol\u00edticas p\u00fablicas en todos los niveles de gobierno. Para hacerlo se reconoce cualquier tipo de organizaci\u00f3n popular.<\/p>\n<p>Los ecuatorianos, bajo los principios de diversidad, pluralismo ideol\u00f3gico y de igualdad de oportunidades para el ejercicio de la democracia directa, para los procesos electorales y para la designaci\u00f3n de autoridades gozan de los siguientes derechos:<\/p>\n<strong>1.<\/strong> Elegir y ser elegidos;<br \/>\n<strong>2.<\/strong> Participar en los asuntos de inter\u00e9s p\u00fablico;<br \/>\n<strong>3.<\/strong> Presentar proyectos de iniciativa popular normativa;<br \/>\n<strong>4.<\/strong> Ser consultados;<br \/>\n<strong>5.<\/strong> Revocar el mandato que hayan conferido a las autoridades de elecci\u00f3n popular;<br \/>\n<strong>6.<\/strong> Conformar partidos y movimientos pol\u00edticos, afiliarse o desafiliarse libremente de ellos y participar en todas las decisiones que adopten;<br \/>\n<strong>7.<\/strong> Intervenir como veedores u observadores en los procesos electorales;<br \/>\n<strong>8.<\/strong> Exigir la rendici\u00f3n de cuentas y la transparencia de la informaci\u00f3n de los sujetos pol\u00edticos.\n\t<p>No obstante, es necesario aclarar que el patrocinio de la participaci\u00f3n pol\u00edtico electoral de la ciudadan\u00eda, seg\u00fan el ordenamiento jur\u00eddico ecuatoriano, es una facultad privativa de las organizaciones pol\u00edticas que se conciben como entidades p\u00fablicas no estatales, pues se crean y extinguen de conformidad con la ley, pero durante su existencia se someten a las estipulaciones de su propio r\u00e9gimen org\u00e1nico interno.<\/p>\n<p>Desde hace d\u00e9cadas, la presentaci\u00f3n de candidaturas pluripersonales debe cumplir con los requisitos de paridad, secuencialidad y alternabilidad sin los cuales no es procedente calificarlas y su aplicaci\u00f3n debe ser garantizada por los \u00f3rganos de la Funci\u00f3n Electoral, bajo los principios e interpretaci\u00f3n de las normas que m\u00e1s favorezcan los derechos de participaci\u00f3n.<\/p>\n<p>En febrero de 2020 la legislatura aprob\u00f3 varias reformas sobre temas que resultan de fundamental importancia en la realizaci\u00f3n los procesos electorales, entre ellas:<\/p>\n<ul>\n<li>En candidaturas pluripersonales, se cambi\u00f3 la forma de votaci\u00f3n. Hasta antes de la reforma, los ciudadanos pod\u00edan ejercer su obligaci\u00f3n de sufragio cruzado entre listas abiertas; en la actualidad, no es posible votar as\u00ed, pues la voluntad del elector se cumple en apoyo de una lista cerrada y bloqueada.<\/li>\n<li>Se cambi\u00f3 el m\u00e9todo de asignaci\u00f3n de esca\u00f1os,a partir de la reforma en toda elecci\u00f3n pluripersonal se aplica el m\u00e9todo conocido como Webster.<\/li>\n<li>Para reforzar la representaci\u00f3n paritaria, se introdujo una modificaci\u00f3n legal que prev\u00e9 un porcentaje progresivo (1) para que las mujeres encabecen las listas de candidaturas.<\/li>\n<li>Todas las candidaturas deben cumplir tambi\u00e9n con el porcentaje del 30 % de mujeres, en todo nivel de gobierno.<\/li>\n<li>Adem\u00e1s, se defini\u00f3 el porcentaje m\u00ednimo del 25% seg\u00fan el art\u00edculo 1 de la Ley de la Juventud, que considera joven a todas las personas comprendidas entre 18 y 29 a\u00f1os de edad para las candidaturas de j\u00f3venes, en todo nivel de gobierno.<\/li>\n<\/ul>\n<p>Se incluye adem\u00e1s un requisito de pertenencia para aquellas personas que sin haber nacido en una jurisdicci\u00f3n, pretendan una representaci\u00f3n popular en aquella. La ley establece en estos casos, que los ciudadanos para ser candidatos deben residir por lo menos dos a\u00f1os en esa jurisdicci\u00f3n, estar empadronados y haber sufragado en las \u00faltimas elecciones.<\/p>\n<p>&nbsp;<\/p>\n\t<small><code>(1) \u00a0 \u00a0 \u00a0 30% en las Elecciones Seccionales de 2023 y 50% en las Elecciones Generales del a\u00f1o 2025.<\/code><br \/>\n<\/small>\n<hr class=\"wm-divider type-line\" \/>\n\t<p>El primer efecto de esta modificaci\u00f3n legal impacta en la fase de elecciones internas de cada organizaci\u00f3n pol\u00edtica que debe garantizar los derechos de participaci\u00f3n de sus afiliados, adherentes e invitados, en el marco de cumplimiento no solo de requisitos, umbrales y porcentajes previstos en la reforma, sino sumados a aquellos requisitos, impedimentos e inhabilidades que ya exist\u00edan y contin\u00faan vigentes.<\/p>\n<p>La democracia, como el mejor sistema de gobierno que permite la soluci\u00f3n de conflictos bajo el imperio de la ley, implica que todos los involucrados (2) cumplan sus obligaciones de manera integral, transparente y oportuna.<\/p>\n<p><strong>\u00a0\u00a0 &#8220;La democracia es corresponsabilidad de todos&#8221;<\/strong><\/p>\n\t<small><code>(2) \u00a0 \u00a0 \u00a0 Gobierno nacional y gobierno seccionales descentralizados, \u00f3rganos de la Funci\u00f3n Electoral, partidos y movimientos pol\u00edticos, organizaciones sociales y ciudadanos.<\/code><br \/>\n<\/small>\n\t<h4>&#8220;El Ecuador se define como un Estado de &#8220;derechos y justicia&#8221; y el eje transversal de la norma\u00a0 suprema es la intervenci\u00f3n ciudadana en el ejercicio del poder y la definici\u00f3n de pol\u00edticas p\u00fablicas en todos los niveles de gobierno&#8221;.<\/h4>\n\t\t\t\t<img loading=\"lazy\" decoding=\"async\" src=\"https:\/\/www.tce.gob.ec\/wp-content\/uploads\/2022\/05\/foto-222.jpg\" alt=\"foto 222\" itemprop=\"image\" height=\"476\" width=\"480\" title=\"foto 222\" onerror=\"this.style.display='none'\"  \/>\n<hr class=\"wm-divider type-line\" \/>\n","protected":false},"excerpt":{"rendered":"<div class=\"entry-summary\">\nRegresar Esfera Institucional EL PROCESO DE LAS ELECCIONES SECCIONALES 2023 Y LAS REFORMAS AL C\u00d3DIGO DE LA DEMOCRACIA&hellip;\n<\/div>\n<div class=\"link-more\"><a href=\"https:\/\/www.tce.gob.ec\/index.php\/reflexiones-principal\/reflexiones-2021-1\/esfera-institucional-5\/\" class=\"more-link\">Continuar leyendo<span class=\"screen-reader-text\"> &ldquo;Esfera Institucional 5&rdquo;<\/span>&hellip;<\/a><\/div>\n","protected":false},"author":10,"featured_media":0,"parent":4024,"menu_order":0,"comment_status":"closed","ping_status":"closed","template":"templates\/no-title.php","meta":{"_monsterinsights_skip_tracking":false,"_monsterinsights_sitenote_active":false,"_monsterinsights_sitenote_note":"","_monsterinsights_sitenote_category":0,"footnotes":""},"categories":[35],"tags":[40],"class_list":["post-7371","page","type-page","status-publish","hentry","category-reflexionescate","tag-reflexiones-esfera-institucional-5","entry"],"amp_enabled":false,"_links":{"self":[{"href":"https:\/\/www.tce.gob.ec\/index.php\/wp-json\/wp\/v2\/pages\/7371","targetHints":{"allow":["GET"]}}],"collection":[{"href":"https:\/\/www.tce.gob.ec\/index.php\/wp-json\/wp\/v2\/pages"}],"about":[{"href":"https:\/\/www.tce.gob.ec\/index.php\/wp-json\/wp\/v2\/types\/page"}],"author":[{"embeddable":true,"href":"https:\/\/www.tce.gob.ec\/index.php\/wp-json\/wp\/v2\/users\/10"}],"replies":[{"embeddable":true,"href":"https:\/\/www.tce.gob.ec\/index.php\/wp-json\/wp\/v2\/comments?post=7371"}],"version-history":[{"count":1,"href":"https:\/\/www.tce.gob.ec\/index.php\/wp-json\/wp\/v2\/pages\/7371\/revisions"}],"predecessor-version":[{"id":7372,"href":"https:\/\/www.tce.gob.ec\/index.php\/wp-json\/wp\/v2\/pages\/7371\/revisions\/7372"}],"up":[{"embeddable":true,"href":"https:\/\/www.tce.gob.ec\/index.php\/wp-json\/wp\/v2\/pages\/4024"}],"wp:attachment":[{"href":"https:\/\/www.tce.gob.ec\/index.php\/wp-json\/wp\/v2\/media?parent=7371"}],"wp:term":[{"taxonomy":"category","embeddable":true,"href":"https:\/\/www.tce.gob.ec\/index.php\/wp-json\/wp\/v2\/categories?post=7371"},{"taxonomy":"post_tag","embeddable":true,"href":"https:\/\/www.tce.gob.ec\/index.php\/wp-json\/wp\/v2\/tags?post=7371"}],"curies":[{"name":"wp","href":"https:\/\/api.w.org\/{rel}","templated":true}]}}

<div class="aioseo-breadcrumbs"><span class="aioseo-breadcrumb">
	Inicio
</span></div>
	<a href="javascript:history.back()"> Regresar</a>
<h2>
		Esfera Institucional
	</h2>
<h3>
		EL PROCESO DE LAS ELECCIONES SECCIONALES 2023 Y LAS REFORMAS AL CÓDIGO DE LA DEMOCRACIA
	</h3>
				<img loading="lazy" decoding="async" src="https://www.tce.gob.ec/wp-content/uploads/2022/05/TCE_0951-scaled.jpg" alt="TCE_0951" itemprop="image" height="1707" width="2560" title="TCE_0951" onerror="this.style.display='none'"  />
	Dr. Arturo Cabrera Peñaherrera<br />
<strong>Presidente TCE-Ecuador</strong>
	<p>En el Ecuador la democracia, en cuanto a normativa, en los últimos 43 años evolucionó con preceptos que fortalecen los derechos de participación ciudadana y asignan a las autoridades y servidores públicos la responsabilidad de garantizarlos, sin que ninguna ley pueda restringirlos.</p>
<p>A nivel constitucional el Ecuador se define como un Estado de &#8220;derechos y justicia&#8221; y el eje transversal de la norma suprema es la intervención ciudadana en el ejercicio del poder y la definición de políticas públicas en todos los niveles de gobierno. Para hacerlo se reconoce cualquier tipo de organización popular.</p>
<p>Los ecuatorianos, bajo los principios de diversidad, pluralismo ideológico y de igualdad de oportunidades para el ejercicio de la democracia directa, para los procesos electorales y para la designación de autoridades gozan de los siguientes derechos:</p>
<strong>1.</strong> Elegir y ser elegidos;<br />
<strong>2.</strong> Participar en los asuntos de interés público;<br />
<strong>3.</strong> Presentar proyectos de iniciativa popular normativa;<br />
<strong>4.</strong> Ser consultados;<br />
<strong>5.</strong> Revocar el mandato que hayan conferido a las autoridades de elección popular;<br />
<strong>6.</strong> Conformar partidos y movimientos políticos, afiliarse o desafiliarse libremente de ellos y participar en todas las decisiones que adopten;<br />
<strong>7.</strong> Intervenir como veedores u observadores en los procesos electorales;<br />
<strong>8.</strong> Exigir la rendición de cuentas y la transparencia de la información de los sujetos políticos.
	<p>No obstante, es necesario aclarar que el patrocinio de la participación político electoral de la ciudadanía, según el ordenamiento jurídico ecuatoriano, es una facultad privativa de las organizaciones políticas que se conciben como entidades públicas no estatales, pues se crean y extinguen de conformidad con la ley, pero durante su existencia se someten a las estipulaciones de su propio régimen orgánico interno.</p>
<p>Desde hace décadas, la presentación de candidaturas pluripersonales debe cumplir con los requisitos de paridad, secuencialidad y alternabilidad sin los cuales no es procedente calificarlas y su aplicación debe ser garantizada por los órganos de la Función Electoral, bajo los principios e interpretación de las normas que más favorezcan los derechos de participación.</p>
<p>En febrero de 2020 la legislatura aprobó varias reformas sobre temas que resultan de fundamental importancia en la realización los procesos electorales, entre ellas:</p>
<ul>
<li>En candidaturas pluripersonales, se cambió la forma de votación. Hasta antes de la reforma, los ciudadanos podían ejercer su obligación de sufragio cruzado entre listas abiertas; en la actualidad, no es posible votar así, pues la voluntad del elector se cumple en apoyo de una lista cerrada y bloqueada.</li>
<li>Se cambió el método de asignación de escaños,a partir de la reforma en toda elección pluripersonal se aplica el método conocido como Webster.</li>
<li>Para reforzar la representación paritaria, se introdujo una modificación legal que prevé un porcentaje progresivo (1) para que las mujeres encabecen las listas de candidaturas.</li>
<li>Todas las candidaturas deben cumplir también con el porcentaje del 30 % de mujeres, en todo nivel de gobierno.</li>
<li>Además, se definió el porcentaje mínimo del 25% según el artículo 1 de la Ley de la Juventud, que considera joven a todas las personas comprendidas entre 18 y 29 años de edad para las candidaturas de jóvenes, en todo nivel de gobierno.</li>
</ul>
<p>Se incluye además un requisito de pertenencia para aquellas personas que sin haber nacido en una jurisdicción, pretendan una representación popular en aquella. La ley establece en estos casos, que los ciudadanos para ser candidatos deben residir por lo menos dos años en esa jurisdicción, estar empadronados y haber sufragado en las últimas elecciones.</p>
<p>&nbsp;</p>
	<small><code>(1)       30% en las Elecciones Seccionales de 2023 y 50% en las Elecciones Generales del año 2025.</code><br />
</small>
<hr class="wm-divider type-line" />
	<p>El primer efecto de esta modificación legal impacta en la fase de elecciones internas de cada organización política que debe garantizar los derechos de participación de sus afiliados, adherentes e invitados, en el marco de cumplimiento no solo de requisitos, umbrales y porcentajes previstos en la reforma, sino sumados a aquellos requisitos, impedimentos e inhabilidades que ya existían y continúan vigentes.</p>
<p>La democracia, como el mejor sistema de gobierno que permite la solución de conflictos bajo el imperio de la ley, implica que todos los involucrados (2) cumplan sus obligaciones de manera integral, transparente y oportuna.</p>
<p><strong>   &#8220;La democracia es corresponsabilidad de todos&#8221;</strong></p>
	<small><code>(2)       Gobierno nacional y gobierno seccionales descentralizados, órganos de la Función Electoral, partidos y movimientos políticos, organizaciones sociales y ciudadanos.</code><br />
</small>
	<h4>&#8220;El Ecuador se define como un Estado de &#8220;derechos y justicia&#8221; y el eje transversal de la norma  suprema es la intervención ciudadana en el ejercicio del poder y la definición de políticas públicas en todos los niveles de gobierno&#8221;.</h4>
				<img loading="lazy" decoding="async" src="https://www.tce.gob.ec/wp-content/uploads/2022/05/foto-222.jpg" alt="foto 222" itemprop="image" height="476" width="480" title="foto 222" onerror="this.style.display='none'"  />
<hr class="wm-divider type-line" />

<div class="entry-summary">
Regresar Esfera Institucional EL PROCESO DE LAS ELECCIONES SECCIONALES 2023 Y LAS REFORMAS AL CÓDIGO DE LA DEMOCRACIA&hellip;
</div>
<div class="link-more"><a href="https://www.tce.gob.ec/index.php/reflexiones-principal/reflexiones-2021-1/esfera-institucional-5/" class="more-link">Continuar leyendo<span class="screen-reader-text"> &ldquo;Esfera Institucional 5&rdquo;</span>&hellip;</a></div>
