{"id":9548,"date":"2023-06-28T12:25:41","date_gmt":"2023-06-28T17:25:41","guid":{"rendered":"https:\/\/www.tce.gob.ec\/?page_id=9548"},"modified":"2023-08-07T16:23:00","modified_gmt":"2023-08-07T21:23:00","slug":"descargas","status":"publish","type":"page","link":"https:\/\/www.tce.gob.ec\/index.php\/descargas\/","title":{"rendered":"Descargas"},"content":{"rendered":"\n\n\t<p>Formato de evaluaci\u00f3n para evaluadores externos<\/p>\n\t\t\t<a href=\"https:\/\/www.tce.gob.ec\/wp-content\/uploads\/2023\/05\/FORMATO-DE-INFORME-Y-MATRIZ-DE-EVALUACION-REVISORES-ACADEMICOS-2022-2023.pdf\" target=\"_blank\" role=\"button\" rel=\"noopener\">\n\t\t\t\t\t\tPDF\n\t\t\t\t\t<\/a>\n\t<p>Normas para autores<\/p>\n\t\t\t<a href=\"https:\/\/www.tce.gob.ec\/wp-content\/uploads\/2023\/08\/Normas-para-autores-revista-JED.pdf\" target=\"_blank\" role=\"button\" rel=\"noopener\">\n\t\t\t\t\t\tPDF\n\t\t\t\t\t<\/a>\n\t<p>Formulario de informe para evaluaci\u00f3n de art\u00edculos<\/p>\n\t\t\t<a href=\"https:\/\/www.tce.gob.ec\/wp-content\/uploads\/2023\/05\/FORMULARIO-DE-EVALUACION-DE-ARTICULOS-MODALIDAD-REVISORES-ACADEMICOS-2022-2023.pdf\" target=\"_blank\" role=\"button\" rel=\"noopener\">\n\t\t\t\t\t\tPDF\n\t\t\t\t\t<\/a>\n\t<p>Instructivo del Comit\u00e9 Editorial del TCE<\/p>\n\t\t\t<a href=\"https:\/\/www.tce.gob.ec\/wp-content\/uploads\/2023\/05\/instructivo.pdf\" target=\"_blank\" role=\"button\" rel=\"noopener\">\n\t\t\t\t\t\tPDF\n\t\t\t\t\t<\/a>\n\t<p>Carta de cesi\u00f3n de derechos y propiedad intelectual<\/p>\n\t\t\t<a href=\"https:\/\/www.tce.gob.ec\/wp-content\/uploads\/2023\/05\/CARTA-COMPROMISO4.pdf\" target=\"_blank\" role=\"button\" rel=\"noopener\">\n\t\t\t\t\t\tPDF\n\t\t\t\t\t<\/a>\n\t<p><strong>Pol\u00edticas de acceso y reuso<\/strong><\/p>\n<p>Las pol\u00edticas de acceso y reuso de la Revista Especializada Justicia Electoral y Democracia garantizan una difusi\u00f3n amplia y equitativa del conocimiento en el campo de la justicia electoral, permitiendo a los lectores acceder a sus contenidos sin restricciones, mientras imponen ciertas condiciones como el reconocimiento adecuado a los autores y la prohibici\u00f3n de uso comercial sin permiso expl\u00edcito. Estas pol\u00edticas equilibran los derechos de los autores con las necesidades de la comunidad acad\u00e9mica, fomentando una cultura de compartir y reutilizar informaci\u00f3n de conformidad con\u00a0 normativa vigente.<\/p>\n<p>La Revista Especializada Justicia Electoral y Democracia es de acceso abierto y gratuito.<\/p>\n\n","protected":false},"excerpt":{"rendered":"<div class=\"entry-summary\">\nFormato de evaluaci\u00f3n para evaluadores externos PDF Normas para autores PDF Formulario de informe para evaluaci\u00f3n de art\u00edculos&hellip;\n<\/div>\n<div class=\"link-more\"><a href=\"https:\/\/www.tce.gob.ec\/index.php\/descargas\/\" class=\"more-link\">Continuar leyendo<span class=\"screen-reader-text\"> &ldquo;Descargas&rdquo;<\/span>&hellip;<\/a><\/div>\n","protected":false},"author":10,"featured_media":0,"parent":0,"menu_order":0,"comment_status":"closed","ping_status":"closed","template":"","meta":{"_monsterinsights_skip_tracking":false,"_monsterinsights_sitenote_active":false,"_monsterinsights_sitenote_note":"","_monsterinsights_sitenote_category":0,"footnotes":""},"categories":[],"tags":[],"class_list":["post-9548","page","type-page","status-publish","hentry","entry"],"amp_enabled":true,"_links":{"self":[{"href":"https:\/\/www.tce.gob.ec\/index.php\/wp-json\/wp\/v2\/pages\/9548","targetHints":{"allow":["GET"]}}],"collection":[{"href":"https:\/\/www.tce.gob.ec\/index.php\/wp-json\/wp\/v2\/pages"}],"about":[{"href":"https:\/\/www.tce.gob.ec\/index.php\/wp-json\/wp\/v2\/types\/page"}],"author":[{"embeddable":true,"href":"https:\/\/www.tce.gob.ec\/index.php\/wp-json\/wp\/v2\/users\/10"}],"replies":[{"embeddable":true,"href":"https:\/\/www.tce.gob.ec\/index.php\/wp-json\/wp\/v2\/comments?post=9548"}],"version-history":[{"count":7,"href":"https:\/\/www.tce.gob.ec\/index.php\/wp-json\/wp\/v2\/pages\/9548\/revisions"}],"predecessor-version":[{"id":9764,"href":"https:\/\/www.tce.gob.ec\/index.php\/wp-json\/wp\/v2\/pages\/9548\/revisions\/9764"}],"wp:attachment":[{"href":"https:\/\/www.tce.gob.ec\/index.php\/wp-json\/wp\/v2\/media?parent=9548"}],"wp:term":[{"taxonomy":"category","embeddable":true,"href":"https:\/\/www.tce.gob.ec\/index.php\/wp-json\/wp\/v2\/categories?post=9548"},{"taxonomy":"post_tag","embeddable":true,"href":"https:\/\/www.tce.gob.ec\/index.php\/wp-json\/wp\/v2\/tags?post=9548"}],"curies":[{"name":"wp","href":"https:\/\/api.w.org\/{rel}","templated":true}]}}